se
Let j(h) be the second derivative of h**4/6 + 7*h**3/3 + 47*h**2/2 - 20*h. Is j(-21) a composite number?
True
Let z be (-4)/(-18) - (-19324)/36. Is z + (1 - 0) + 3 prime?
True
Is 608/(-64)*4996/(-2) composite?
True
Suppose 12640 + 10062 = 2*k. Is k a composite number?
False
Let s = -19 + 0. Let r = s + 68. Is r a prime number?
False
Let v = 1371 + 4856. Is v composite?
True
Suppose -12*x + 10*x + 2732 = 0. Suppose 506 = 2*b - 4*g - 404, -3*b + x = -5*g. Is b a composite number?
False
Suppose -o - 3*o - 2164 = 0. Let d = 100 - o. Is d a prime number?
True
Let p(j) = -69*j**3 + 4*j**2 + 9*j + 19. Suppose 3*k = -7 - 2. Is p(k) a prime number?
False
Let a = -2195 - -4042. Is a a prime number?
True
Suppose 4*l - 425 = 147. Is l composite?
True
Let l(m) = 2*m**3 - 12*m**2 - 3*m + 10. Let v = -31 + 40. Is l(v) prime?
False
Let g(p) = 10*p**2 - 13*p + 35. Is g(3) a prime number?
False
Let p(q) = -3*q + 5 + q - 5*q**3 + 6*q. Suppose 3*a + 2*g + 6 = 0, 154*a - 2*g = 159*a + 10. Is p(a) prime?
True
Suppose 3 = 20*y - 17*y. Suppose 5*x - 3*u - 1239 = 34, -y = u. Is x a composite number?
True
Let v be 10/(-60) - 4609/(-6). Let q = v - 511. Is q a prime number?
True
Suppose 4*l + 3*y = 1272, -y + 763 = 4*l - 509. Suppose -w = 5*o - 7, -4*o - 2 = -4*w + 2. Suppose w*a - l = -a. Is a a prime number?
False
Suppose 2*z - 3*a = -0*z + 8714, -5*a = 0. Is z composite?
False
Let u(x) = x**3 - 17*x**2 + 17*x - 13. Let h be u(16). Let b be 0/h + -3 + 2338. Suppose -3*i - 2*i + b = 0. Is i prime?
True
Let l(u) = 1835*u - 17. Is l(6) composite?
False
Let m(w) = 545*w**2 + 21*w + 63. Is m(-4) a prime number?
True
Suppose -j + 4*o + 14107 = 2*o, 0 = -4*j - 2*o + 56468. Is (1/(-5))/((-3)/j) prime?
True
Let k(z) be the second derivative of 79*z**4/12 - z**3 + 9*z**2/2 + 5*z. Is k(4) prime?
True
Suppose -2*t = 3*q - 0 + 3, -9 = -t + 2*q. Suppose -h - i - 3*i + 55 = 0, i - 250 = -4*h. Is h + -2 - 1 - t a composite number?
True
Suppose 18637 = 2*u + 5*p, 2*p + 18616 = u + u. Is u a prime number?
True
Let b(h) = 8*h**2 - 34*h - 333. Is b(-14) a prime number?
False
Suppose 0 = -3*x + x - 30. Let j(f) = f**3 + 16*f**2 + 5*f + 13. Is j(x) a prime number?
True
Let y(g) = 282*g + 335. Is y(24) a composite number?
False
Let p(x) = -18*x**3 - 8*x**2 - 6 + 11*x**3 + 4*x**3. Let r be p(-7). Let w = r + -294. Is w a prime number?
True
Suppose 4 = 4*v - 32. Let s(i) = i**3 - 10*i**2 + 10*i - 9. Let w be s(v). Suppose h - 230 = -4*u - 0*h, -4*u - 3*h + 226 = w. Is u a prime number?
False
Let b = 2248 - 1350. Suppose -370 - b = -4*g. Is g a prime number?
True
Let z(n) = 669*n - 16. Is z(29) a composite number?
True
Suppose -5*a - 5*q + 2480 = 0, 0 = -5*a - 4*q - 0*q + 2483. Is a composite?
False
Suppose -h - 6 = -1, 0 = -s + 5*h + 28. Suppose s*d - 628 = 251. Is d a prime number?
True
Let z = 6994 - 2316. Suppose 2*m - 864 = z. Is m a prime number?
False
Let s be (-11513 + 20)*1/1. Is (s/6)/3*-2 a composite number?
False
Suppose -t - 3 = 0, 5*u - t + 107 = -0*u. Let g = 16 + u. Let b = 491 - g. Is b prime?
False
Suppose 3*o = -2*o - 6870. Let k = 1927 + o. Is k a composite number?
True
Let i = -20 - -33. Let v = 8 - i. Is (1/(-2))/(v/590) composite?
False
Let q(d) = 70*d - 9. Let o(u) = -385*u + 49. Let i(r) = 5*o(r) + 28*q(r). Suppose 29 = 4*m - h + 7, -5*m + 2*h = -26. Is i(m) a prime number?
False
Suppose 925*s - 914*s = 21494. Is s composite?
True
Suppose 4*x - 88 + 20 = 0. Suppose 0 = -h + 2*w + x, -5 = -5*w. Is h prime?
True
Let w(h) = 9*h**2 + 4*h - 7. Let x be 7 - (-2)/(8/(-12)). Let t be w(x). Suppose -3*p + 5*y = -883, -4*p + 4*y = -1035 - t. Is p a composite number?
True
Suppose -4 = -5*r + 6. Suppose -r*o = -6*o, -3*j - 5*o - 291 = 0. Let h = j - -728. Is h a prime number?
True
Let j(i) = i**3 + 2*i**2 + 23*i + 5. Is j(26) prime?
True
Let c = -348 - -559. Is (19 - 21)/((-2)/c) a composite number?
False
Is 2/(-3) - (76664/(-21) + 7) a prime number?
True
Let n(x) = -x**3 - 5*x**2 + x + 5. Let f(t) = t**3 - 15*t**2 - 15*t - 21. Let v be f(16). Let q be n(v). Suppose q*b = -3*b + 309. Is b composite?
False
Let n be -4*(-7)/(-56) - 1/(-2). Suppose -13*v + 17*v - 28 = n. Is v a composite number?
False
Let n(j) = 78*j**2 - j + 2. Let o be n(-2). Suppose 0 = -x - 3*x + o. Is x prime?
True
Let j be (0 - 631)*5/5. Let y = 2580 + j. Is y composite?
False
Let b(v) = v**3 - 24*v**2 + 7*v - 3. Let p = 89 - 64. Is b(p) prime?
True
Suppose -5*p = 2*i + 2*i + 30, -2*i - 4*p - 12 = 0. Let q(w) = w**3 + 17*w**2 + 6*w - 11. Is q(i) a composite number?
True
Suppose -4*q = -5*v - 1065, v + 0*q = 3*q - 224. Let n = 302 + v. Is n composite?
True
Suppose 3*i - 2 = -8, 35232 = 2*s + 5*i. Is s prime?
False
Suppose 2*c + 2*n - 8087 = 5449, -n + 5 = 0. Suppose -5*v + 3*v = 5*d - c, 2*v - 8 = 0. Is d a composite number?
True
Let o(r) = -96*r + 115. Is o(-7) a prime number?
True
Suppose -66 + 28 = -v + 4*w, -2*w = 3*v - 100. Suppose -1928 = v*a - 38*a. Is a a prime number?
False
Let u = 78 - 76. Suppose 3*k = -u*w + 3604 - 625, -1979 = -2*k + w. Is k a composite number?
False
Let y = -5005 + 8466. Let m = 1072 + y. Is m composite?
True
Suppose 0 = -x + 2988 - 289. Is x a composite number?
False
Let p(f) = -2*f**3 - 26*f**2 - 167*f - 5. Is p(-8) a prime number?
True
Let w(m) = -m**2 - 6*m - 3. Let t be w(-4). Suppose -6*p + 3*p + 15 = i, -5*i + t*p = 5. Suppose g - 279 = 4*b, -i*g = -0*b + 3*b - 762. Is g composite?
True
Let j(a) = 0 + 7 - 1 + 7 + 3*a**2 - 5*a. Let w be j(10). Suppose q + w = 2*q. Is q composite?
False
Suppose -2*a + 5 = 1. Let s be -4 - ((-126 - a) + -1). Suppose 0 = -2*n + s - 15. Is n composite?
True
Suppose t + 223 = 3*c + 1896, t - 5*c - 1683 = 0. Suppose 5*p + 388 = t. Is p composite?
True
Let v(o) = -o**2 - 5*o. Let d be v(-5). Let u be (-1 + -9)/(-2) - d. Suppose -2*m + 4*m - 60 = -2*l, u*l - 152 = -3*m. Is l prime?
True
Suppose 0 = -4*v + t + 150494, -3*t + 37617 = -29*v + 30*v. Is v prime?
False
Let l = 72 + -136. Let m = l + 249. Is m a composite number?
True
Let u = -488 + 725. Suppose -5*s - 5*t - 47 = -u, 5*t = s - 68. Suppose -2*b + 115 = -s. Is b composite?
False
Suppose 6756 = 4*g + 4*q, 0*g = g - 2*q - 1701. Is g a prime number?
True
Let i(y) = -1142*y - 187. Is i(-12) a prime number?
False
Let i(p) = p**3 - 6*p**2 - 5*p - 10. Let j be i(7). Suppose -2*y = -5*x + 66, -9*y - 165 = -j*y - 4*x. Let m = 176 + y. Is m a prime number?
False
Let v(m) = -2*m**3 + 5*m**2 - 2*m + 10. Let y be v(-5). Let h = y - 256. Suppose 4*l - 705 = h. Is l a prime number?
True
Let g be 1*-25*1236/30. Let n = 1312 - g. Is n a prime number?
False
Let z be (5 + -6)/((-3)/12). Let c = z + 8. Suppose -4*j = 2*t - 0*j - 422, 3*j - c = 0. Is t a composite number?
True
Let l(d) = 15*d**2 - 13*d + 7. Let u(b) = -7*b**2 + 6*b - 4. Let p(z) = 6*l(z) + 11*u(z). Is p(5) composite?
False
Suppose -2*d = -5*a - 4*d + 6801, 0 = 5*a + d - 6803. Is a prime?
True
Let z(w) = w**3 + 8*w**2 - 9*w - 5. Let j be z(-9). Let v be (4 + j)*-5 + 4. Is (v/18)/((-1)/(-4874)) composite?
False
Let q = -1 + 0. Let m(s) be the second derivative of 59*s**4 - s**3/6 - 8*s + 3. Is m(q) a composite number?
False
Let p = 28 - 8. Let c = p - 18. Is c + (3 - 0) + 174 prime?
True
Suppose -3*l + 7*c - 48993 = -6*l, -3*l + 48993 = c. Is l composite?
True
Suppose 0 = -9*u - 7068 - 9978. Let x = -927 - u. Is x a composite number?
False
Let z = -69 + 224. Let a(g) = g**3 - 8*g**2 + g + 8. Let b be a(7). Let q = z + b. Is q a composite number?
True
Let j = 5163 + 2287. Suppose -7*l - 3*l + j = 0. Is l a prime number?
False
Let f(h) = h**3 + 2*h**2 - 4*h - 1. Let i be f(-3). Suppose -i = 2*g, g = -2*u + 2*g + 267. Is u a composite number?
True
Suppose 6*p + 16 = 4*t + 4*p, 0 = 4*t + p - 28. Is (4/t)/((-34)/20859)*-1 prime?
True
Suppose 16*d = 4*d + 128244. Is d composite?
False
Suppose -3*s + 3*k = -6*s + 66, -3*s + 70 = k. Let u be 0 - -2 - s/(-4). Let n(f) = f**3 - 7*f**2 - 5*f - 3. Is n(u) prime?
False
Let f be 1 + -49 + 2/(-2). Suppose -169 = -2*z + z + 2*y, -5*y + 162 = z. Let j = z + f. Is j a composite number?
True
Suppose -s - 3*s = -3*a + 3, -3*a = -15. Suppose -s*q + 0*q - 21 = 0. Let j(x) = -x**3 - 6*x**2 + 2*x + 8. Is j(q) prime?
True
Is (-5625788)/(-476) - 4/(-34) composite?
True
Let o(n) be the third derivative of 3*n**5/20 +